est common divisor of 16808864 and 9440.
1888
Calculate the highest common factor of 3962495 and 21482.
467
What is the greatest common factor of 725607 and 837?
9
What is the highest common factor of 119239 and 1303072?
43
What is the greatest common divisor of 5164923 and 255?
51
What is the greatest common divisor of 32267895 and 984540?
4035
What is the highest common factor of 16345679 and 161?
7
What is the highest common factor of 143924 and 1100?
44
What is the greatest common divisor of 1212720 and 4557?
93
What is the greatest common factor of 75750 and 5105?
5
What is the highest common factor of 23421 and 228882?
111
Calculate the greatest common divisor of 827278 and 4318.
254
Calculate the greatest common divisor of 13182 and 621894.
78
What is the highest common divisor of 38646 and 1216152?
342
Calculate the greatest common factor of 24500 and 25180.
20
Calculate the highest common factor of 24522761 and 3266.
1633
Calculate the greatest common divisor of 87508801 and 41.
41
What is the highest common divisor of 1220496442 and 44?
22
What is the highest common divisor of 7575898 and 41?
41
Calculate the greatest common divisor of 395 and 338526455.
395
What is the highest common factor of 144 and 444128?
16
What is the greatest common divisor of 7100 and 843100?
100
What is the highest common divisor of 193323 and 15587?
13
What is the highest common factor of 792042 and 33229?
101
Calculate the highest common factor of 220 and 2185440.
20
What is the greatest common divisor of 573386 and 51724?
134
Calculate the highest common divisor of 47499 and 358807.
223
Calculate the highest common factor of 198181 and 1829.
59
What is the greatest common factor of 161765 and 12715?
5
Calculate the greatest common factor of 66246484 and 68.
68
What is the greatest common factor of 123611527 and 147641?
3601
Calculate the greatest common factor of 2439 and 2845771.
271
What is the highest common divisor of 45 and 8370795?
15
Calculate the highest common divisor of 72 and 20766744.
72
Calculate the greatest common factor of 69 and 16219163.
23
Calculate the highest common factor of 160983 and 269514.
279
What is the highest common factor of 157792 and 2112?
32
What is the greatest common divisor of 260 and 258651920?
20
Calculate the highest common factor of 99 and 171126.
9
What is the highest common divisor of 27 and 800757?
9
What is the greatest common factor of 179264580 and 2115?
705
Calculate the greatest common factor of 79932 and 8412.
12
Calculate the greatest common factor of 1887 and 13721856.
51
Calculate the greatest common divisor of 1113238 and 232918.
1834
Calculate the highest common factor of 41888 and 3444.
28
Calculate the highest common factor of 100532 and 388.
4
Calculate the highest common factor of 699580 and 7105.
35
What is the greatest common divisor of 1672335 and 22365?
315
Calculate the greatest common factor of 11178 and 175467.
69
Calculate the greatest common factor of 2904 and 1844403.
363
Calculate the highest common divisor of 12416871 and 24.
3
What is the highest common factor of 1150 and 33799475?
25
Calculate the highest common divisor of 2454 and 22504407.
1227
What is the highest common divisor of 4603 and 1707713?
4603
What is the highest common divisor of 98484330 and 420?
210
What is the highest common divisor of 30771377 and 8092?
119
What is the greatest common factor of 40040250 and 75?
75
Calculate the greatest common factor of 9 and 153290208.
3
What is the highest common divisor of 1196 and 481364?
52
What is the greatest common factor of 2458350 and 3192213?
1821
Calculate the greatest common factor of 365 and 93119165.
365
Calculate the greatest common factor of 3245697 and 1008.
63
What is the highest common factor of 41442779 and 7?
7
Calculate the highest common factor of 53375 and 7819.
7
What is the highest common factor of 1550 and 789770?
10
What is the greatest common factor of 56511 and 4757193?
63
What is the highest common factor of 399 and 109177971?
399
What is the highest common divisor of 99338558 and 49456?
6182
What is the highest common divisor of 84433990 and 4015?
365
What is the greatest common divisor of 199620 and 558?
18
What is the greatest common divisor of 25223897 and 277?
277
Calculate the highest common factor of 648 and 23986449.
81
Calculate the greatest common factor of 1895 and 43055.
5
What is the highest common divisor of 48905 and 79157633?
9781
What is the greatest common divisor of 847 and 1094788277?
121
What is the highest common factor of 426230284 and 248?
124
Calculate the highest common factor of 36778770 and 315.
315
What is the greatest common factor of 3054 and 12202766?
1018
Calculate the highest common divisor of 27898 and 6705322.
754
What is the greatest common factor of 241832 and 3135?
19
Calculate the greatest common factor of 93037916 and 14819.
2117
Calculate the greatest common divisor of 37920 and 75615.
15
What is the highest common divisor of 1200 and 1469472?
48
Calculate the greatest common divisor of 2252 and 7745191.
563
Calculate the greatest common factor of 327105 and 28305.
45
What is the greatest common factor of 714 and 2347674?
42
What is the highest common factor of 4723 and 217744469?
4723
Calculate the greatest common factor of 377318 and 1968418.
4546
Calculate the highest common factor of 22929 and 4252.
1
Calculate the highest common divisor of 624 and 618295548.
156
Calculate the highest common divisor of 3773 and 1081234.
539
What is the highest common divisor of 58955796 and 1224?
612
What is the greatest common divisor of 138 and 364905672?
138
What is the highest common divisor of 1759410 and 180?
90
Calculate the highest common divisor of 1343 and 948226493.
1343
Calculate the greatest common divisor of 8215 and 2548510.
155
What is the highest common factor of 52529 and 37?
1
Calculate the highest common factor of 18184 and 9821633.
2273
What is the greatest common divisor of 2331 and 11295508?
259
What is the greatest common factor of 80 and 17275732?
4
What is the greatest common factor of 4294 and 316019077?
2147
Calculate the greatest common divisor of 28602345 and 1185.
1185
Calculate the highest common divisor of 2056881 and 12648.
1581
What is the greatest common factor of 11872 and 215032?
8
What is the greatest common divisor of 37821 and 10760975?
1801
Calculate the greatest common divisor of 3732790 and 530.
530
What is the highest common factor of 5157468 and 10188?
36
Calculate the greatest common divisor of 220625 and 1000755.
1765
Calculate the highest common factor of 45124 and 1750500.
1556
Calculate the greatest common divisor of 85731 and 94741.
17
Calculate the highest common factor of 1313 and 160472.
13
What is the greatest common factor of 15108955 and 865?
865
Calculate the greatest common divisor of 1575 and 430604475.
525
Calculate the highest common divisor of 126190712 and 16.
8
What is the greatest common divisor of 1413 and 762165?
9
Calculate the greatest common divisor of 2946575 and 3225.
1075
Calculate the highest common divisor of 21 and 427683.
3
Calculate the highest common factor of 166170906 and 276.
138
Calculate the greatest common divisor of 252333 and 287293.
23
Calculate the greatest common factor of 4268 and 2796739.
11
What is the highest common factor of 35534484 and 10032?
228
Calculate the highest common divisor of 241853527 and 475.
19
Calculate the greatest common divisor of 25 and 17378665.
5
Calculate the greatest common divisor of 5415 and 6847809.
1083
What is the greatest common divisor of 96 and 1905256?
8
Calculate the greatest common divisor of 76526152 and 4.
4
What is the highest common divisor of 29 and 9135377?
29
Calculate the highest common factor of 4758 and 378690.
78
What is the highest common divisor of 13640 and 1639440?
440
What is the greatest common factor of 1282650 and 24?
6
Calculate the highest common factor of 1 and 1996529.
1
Calculate the highest common divisor of 1479 and 1077849351.
1479
What is the highest common factor of 31700 and 63027525?
7925
What is the highest common factor of 396 and 9829314?
198
Calculate the highest common factor of 62467349 and 749.
749
What is the greatest common factor of 11169508 and 3